59.
17
Calculate the greatest common factor of 140 and 100.
20
Calculate the greatest common divisor of 11 and 33.
11
What is the greatest common divisor of 406 and 116?
58
What is the highest common factor of 456 and 24?
24
Calculate the greatest common divisor of 840 and 2660.
140
Calculate the greatest common factor of 606 and 48.
6
What is the highest common divisor of 150 and 25?
25
What is the greatest common divisor of 104910 and 15?
15
Calculate the greatest common factor of 8 and 968.
8
What is the highest common factor of 20006 and 14?
14
Calculate the greatest common factor of 31557 and 201.
201
What is the greatest common factor of 5329 and 73?
73
Calculate the highest common factor of 3552 and 6068.
148
Calculate the greatest common divisor of 203 and 259.
7
Calculate the highest common factor of 124 and 20.
4
What is the highest common factor of 9 and 34659?
9
Calculate the highest common divisor of 96 and 27.
3
Calculate the greatest common divisor of 6 and 15.
3
Calculate the highest common divisor of 256 and 2432.
128
Calculate the highest common factor of 8 and 1928.
8
Calculate the highest common factor of 198 and 132.
66
Calculate the highest common factor of 303 and 9.
3
What is the greatest common factor of 126 and 54?
18
What is the highest common divisor of 413 and 14?
7
Calculate the highest common factor of 2483 and 26.
13
Calculate the highest common factor of 44441 and 19.
19
Calculate the greatest common factor of 46 and 1173.
23
Calculate the greatest common divisor of 1566 and 58.
58
Calculate the greatest common factor of 1035 and 230.
115
What is the greatest common divisor of 2895 and 30?
15
Calculate the greatest common divisor of 165 and 135.
15
What is the highest common divisor of 25 and 575?
25
Calculate the greatest common factor of 254 and 1016.
254
What is the highest common factor of 623 and 178?
89
Calculate the greatest common factor of 36 and 63.
9
What is the greatest common factor of 30 and 1370?
10
What is the highest common factor of 117 and 7677?
9
What is the greatest common factor of 76 and 95?
19
Calculate the greatest common divisor of 705 and 15.
15
Calculate the greatest common divisor of 905 and 5.
5
What is the highest common divisor of 46 and 253?
23
What is the highest common factor of 5490 and 450?
90
What is the greatest common factor of 27 and 99?
9
Calculate the greatest common factor of 1457 and 31.
31
Calculate the highest common factor of 204 and 9945.
51
What is the highest common factor of 153 and 1088?
17
What is the highest common divisor of 47 and 4559?
47
What is the highest common factor of 140 and 1420?
20
Calculate the highest common divisor of 354 and 6.
6
What is the greatest common divisor of 506 and 198?
22
What is the greatest common divisor of 1568 and 98?
98
What is the greatest common divisor of 16 and 784?
16
What is the greatest common divisor of 20 and 290?
10
What is the greatest common divisor of 1683 and 1377?
153
What is the greatest common factor of 74470 and 110?
110
What is the greatest common factor of 204 and 2924?
68
Calculate the greatest common divisor of 872 and 2834.
218
What is the greatest common factor of 150 and 7650?
150
What is the greatest common factor of 14 and 259?
7
Calculate the highest common divisor of 180 and 45.
45
Calculate the highest common factor of 234 and 66.
6
What is the greatest common factor of 310 and 21545?
155
Calculate the greatest common divisor of 102 and 493.
17
What is the highest common divisor of 117 and 26?
13
Calculate the highest common divisor of 2 and 226.
2
What is the highest common factor of 11 and 253?
11
What is the highest common factor of 26 and 12181?
13
Calculate the greatest common factor of 42 and 642.
6
Calculate the highest common factor of 1080 and 3645.
135
Calculate the greatest common factor of 135 and 36.
9
Calculate the highest common factor of 294 and 126.
42
Calculate the highest common factor of 70 and 15130.
10
Calculate the highest common factor of 437 and 46.
23
What is the highest common factor of 413 and 77?
7
Calculate the highest common factor of 377 and 87.
29
Calculate the greatest common divisor of 231 and 28.
7
Calculate the greatest common divisor of 12 and 603.
3
What is the highest common divisor of 9 and 39879?
9
What is the highest common factor of 273 and 117?
39
What is the greatest common factor of 1 and 25?
1
Calculate the highest common factor of 3649 and 82.
41
What is the highest common factor of 58 and 2?
2
What is the greatest common factor of 1089 and 121?
121
What is the highest common divisor of 9 and 5103?
9
Calculate the highest common divisor of 15 and 5050.
5
Calculate the highest common divisor of 1156 and 8.
4
What is the highest common divisor of 44090 and 20?
10
Calculate the greatest common divisor of 876 and 12.
12
Calculate the greatest common factor of 12 and 936.
12
What is the highest common factor of 3751 and 121?
121
What is the greatest common factor of 104 and 1274?
26
Calculate the greatest common factor of 1110 and 3996.
222
What is the greatest common divisor of 53 and 19027?
53
What is the greatest common factor of 5 and 175?
5
Calculate the highest common factor of 319 and 176.
11
Calculate the greatest common divisor of 17 and 459.
17
What is the greatest common factor of 115 and 184?
23
What is the greatest common divisor of 26271 and 278?
139
What is the greatest common divisor of 363 and 9?
3
What is the highest common divisor of 20 and 15?
5
What is the highest common factor of 25 and 10?
5
Calculate the greatest common factor of 9 and 3177.
9
What is the highest common divisor of 5394 and 290?
58
What is the greatest common factor of 103 and 5?
1
Calculate the highest common divisor of 51 and 3570.
51
Calculate the highest common factor of 1334 and 145.
29
Calculate the greatest common divisor of 6 and 18.
6
Calculate the greatest common divisor of 14 and 42.
14
Calculate the greatest common factor of 22 and 53614.
22
Calculate the highest common divisor of 493 and 667.
29
What is the highest common divisor of 86 and 4343?
43
What is the greatest common divisor of 3735 and 255?
15
Calculate the greatest common divisor of 4 and 94.
2
What is the greatest common factor of 300 and 180?
60
What is the highest common divisor of 2839 and 17?
17
Calculate the highest common factor of 324 and 1863.
81
Calculate the highest common divisor of 5187 and 65.
13
What is the highest common divisor of 7350 and 375?
75
Calculate the highest common factor of 2651 and 964.
241
Calculate the highest common factor of 8 and 42648.
8
What is the highest common factor of 752 and 2416?
16
What is the highest common factor of 42 and 966?
42
What is the highest common divisor of 6 and 972?
6
Calculate the highest common divisor of 1056 and 20.
4
Calculate the highest common divisor of 161 and 207.
23
What is the highest common divisor of 135 and 1566?
27
What is the highest common factor of 441 and 108?
9
What is the highest common divisor of 40 and 2420?
20
Calculate the highest common factor of 245 and 119.
7
What is the highest common factor of 104 and 143?
13
Calculate the greatest common factor of 1855 and 15.
5
What is the greatest common divisor of 51 and 527?
17
Calculate the highest common factor of 48 and 1416.
24
Calculate the greatest common factor of 75 and 75.
75
What is the greatest common factor of 830 and 1328?
166
What is the greatest common divisor of 276 and 207?
69
Calculate the greatest common divisor of 80 and 50.
10
Calculate the highest common factor of 1272 and 48.
24
Calculate the greatest common factor of 110 and 15.
5
What is the greatest common factor of 1350 and 400?
50
What is the highest common divisor of 207 and 598?
23
Calculate the greatest common factor of 4644 and 108.
108
What is the highest common factor of 735 and 195?
15
What is the greatest common factor of 480 and 3600?
240
Calculate the greatest common factor of 224 and 98.
14
Calculate the highest common factor of 1771 and 575.
23
Calculate the highest common factor of 8631 and 315.
63
Calculate the greatest common factor of 2 and 382.
2
What is the highest common factor of 2660 and 30?
10
What is the highest common factor of 1 and 577?
1
What is the h